{"id":72,"date":"2015-03-13T16:04:00","date_gmt":"2015-03-13T16:04:00","guid":{"rendered":"http:\/\/stadtteiloper-bremen.de\/?page_id=72"},"modified":"2016-09-11T15:10:17","modified_gmt":"2016-09-11T13:10:17","slug":"das-projekt","status":"publish","type":"page","link":"http:\/\/stadtteiloper-bremen.de\/?page_id=72","title":{"rendered":"Projekt: Isfahan"},"content":{"rendered":"<h1><a href=\"http:\/\/stadtteiloper-bremen.de\/wp-content\/uploads\/2015\/07\/Bild.jpg\" rel=\"wpdevart_lightbox\"><img loading=\"lazy\" decoding=\"async\" class=\"alignleft size-thumbnail wp-image-1284\" src=\"http:\/\/stadtteiloper-bremen.de\/wp-content\/uploads\/2015\/07\/Bild-180x180.jpg\" alt=\"Bild\" width=\"180\" height=\"180\" \/><\/a><\/h1>\n<p>Die Stadtteiloper 2015 ist das 6. gemeinsame Projekt der <a href=\"http:\/\/www.kammerphilharmonie.com\/index.php\/de\/\"><span style=\"color: #000080;\">Deutschen Kammerphilharmonie<\/span> <\/a>Bremen und der <span style=\"color: #000080;\"><a style=\"color: #000080;\" href=\"http:\/\/de.wikipedia.org\/wiki\/Gesamtschule_Bremen-Ost\">Gesamtschule Bremen Ost<\/a><\/span> nach &#8222;Faust 2&#8220;, &#8222;Afrika kommt&#8220;, &#8222;Polski Blues&#8220;, &#8222;Iolantha&#8220; und &#8222;Drachens\u00f6hne und Feent\u00f6chter&#8220;.<\/p>\n<p>Zentrale Figur der diesj\u00e4hrigen Stadtteil-Oper ist der persische Gelehrte<span style=\"color: #000080;\"> <a style=\"color: #000080;\" href=\"http:\/\/de.wikipedia.org\/wiki\/Avicenna\">Ibn Sina<\/a><\/span>, lat.: Avicenna, <a href=\"http:\/\/stadtteiloper-bremen.de\/wp-content\/uploads\/2015\/03\/05-Ibn-Sina.jpeg\" rel=\"wpdevart_lightbox\"><img loading=\"lazy\" decoding=\"async\" class=\"alignnone size-full wp-image-73\" src=\"http:\/\/stadtteiloper-bremen.de\/wp-content\/uploads\/2015\/03\/05-Ibn-Sina.jpeg\" alt=\"05 Ibn Sina\" width=\"527\" height=\"526\" srcset=\"http:\/\/stadtteiloper-bremen.de\/wp-content\/uploads\/2015\/03\/05-Ibn-Sina.jpeg 527w, http:\/\/stadtteiloper-bremen.de\/wp-content\/uploads\/2015\/03\/05-Ibn-Sina-150x150.jpeg 150w, http:\/\/stadtteiloper-bremen.de\/wp-content\/uploads\/2015\/03\/05-Ibn-Sina-300x300.jpeg 300w\" sizes=\"auto, (max-width: 527px) 100vw, 527px\" \/><\/a><\/p>\n<p>der von 980 bis 1037 gelebt hat. Ein grosser Teil der Musik wird von H\u00e4ndel stammen, dazu gibt es traditionelle persisch-arabische Musik. Der Titel ist<\/p>\n<h1 style=\"padding-left: 30px;\"><span style=\"color: #0000ff;\">Sehnsucht nach Isfahan<\/span><\/h1>\n<p>Sehnsucht nach Isfahan\u2039 erz\u00e4hlt die abenteuerliche Geschichte des Universalgelehrten Ibn Sina, der vor knapp 1000 Jahren im alten Persien gelebt hat: Als junger Mann macht er sich auf die Suche nach einem Ort, an dem er in Frieden forschen und lernen kann. Dabei \u00fcberlebt er Sandst\u00fcrme, Hinterhalte und Gef\u00e4ngnisstrafen, schreibt im Mondschein zahlreiche B\u00fccher \u00fcber Medizin und Astronomie, Religion und Philosophie und widmet der Liebe seines Lebens die sch\u00f6nsten Lieder unter der Sonne.\u00a0Ibn Sina war einer der ersten Gelehrten, der \u00fcber die Wirkung von Musik auf unseren K\u00f6rper nachdachte, und der davon \u00fcberzeugt war, wie wichtig das Gl\u00fcck f\u00fcr unsere Gesundheit ist. Was bietet sich eher an, als diese Geschichte musikalisch zu erz\u00e4hlen und den Puls der alten persischen Trommeln in einem facettenreichen Klangk\u00f6rper aufleben zu lassen.<\/p>\n<p>Wie immer werden nicht nur Klassen und Kurse der GSO teilnehmen, sondern auch Gruppen aus dem Stadtteil, wie zum Beispiel das <span style=\"color: #003366;\"><span style=\"color: #000080;\"><a style=\"color: #000080;\" href=\"http:\/\/www.m\u00fctterzentrum-tenever.com\/index.php\">M\u00fctterzentrum<\/a><\/span>.<\/span><\/p>\n<h1>\u00a0<span style=\"color: #003366;\"><span style=\"color: #000000;\">Die Termine sind<\/span><\/span><\/h1>\n<p>7. Oktober: Generalprobe<\/p>\n<p>8. Oktober: Premiere<\/p>\n<p>9. Oktober: 2. Vorstellung<\/p>\n<h1><span style=\"color: #0000ff;\">\u00a0 Der &#8222;Gr\u00fcne H\u00fcgel&#8220;:<\/span><br \/>\n<a href=\"http:\/\/stadtteiloper-bremen.de\/wp-content\/uploads\/2015\/03\/Page_1-2.jpg\" rel=\"wpdevart_lightbox\"><img loading=\"lazy\" decoding=\"async\" class=\"alignleft size-medium wp-image-1884\" src=\"http:\/\/stadtteiloper-bremen.de\/wp-content\/uploads\/2015\/03\/Page_1-2-250x250.jpg\" alt=\"Page_1-2\" width=\"250\" height=\"250\" srcset=\"http:\/\/stadtteiloper-bremen.de\/wp-content\/uploads\/2015\/03\/Page_1-2-250x250.jpg 250w, http:\/\/stadtteiloper-bremen.de\/wp-content\/uploads\/2015\/03\/Page_1-2-180x180.jpg 180w, http:\/\/stadtteiloper-bremen.de\/wp-content\/uploads\/2015\/03\/Page_1-2-624x624.jpg 624w, http:\/\/stadtteiloper-bremen.de\/wp-content\/uploads\/2015\/03\/Page_1-2.jpg 2000w\" sizes=\"auto, (max-width: 250px) 100vw, 250px\" \/><\/a><a href=\"http:\/\/stadtteiloper-bremen.de\/wp-content\/uploads\/2015\/03\/Page_1.jpg\" rel=\"wpdevart_lightbox\"><img loading=\"lazy\" decoding=\"async\" class=\"alignleft size-medium wp-image-1885\" src=\"http:\/\/stadtteiloper-bremen.de\/wp-content\/uploads\/2015\/03\/Page_1-250x250.jpg\" alt=\"Page_1\" width=\"250\" height=\"250\" srcset=\"http:\/\/stadtteiloper-bremen.de\/wp-content\/uploads\/2015\/03\/Page_1-250x250.jpg 250w, http:\/\/stadtteiloper-bremen.de\/wp-content\/uploads\/2015\/03\/Page_1-180x180.jpg 180w, http:\/\/stadtteiloper-bremen.de\/wp-content\/uploads\/2015\/03\/Page_1-624x624.jpg 624w, http:\/\/stadtteiloper-bremen.de\/wp-content\/uploads\/2015\/03\/Page_1.jpg 2000w\" sizes=\"auto, (max-width: 250px) 100vw, 250px\" \/><\/a><\/h1>\n<p>&nbsp;<\/p>\n<p>&nbsp;<\/p>\n<p>&nbsp;<\/p>\n<p>&nbsp;<\/p>\n<p>&nbsp;<\/p>\n<h1><span style=\"color: #0000ff;\">\u00a0 \u00a0Der Blog:<\/span><\/h1>\n<p>In diesem Blog soll mit Hilfe von Fotos, Filmen und Texten der Verlauf des Projektes dargestellt werden. Ziel ist es dabei zu vermitteln, wie breit angelegt und fein ver\u00e4stelt die Vorbereitung zu den drei Auff\u00fchrungen sind, wie die Beteiligten mit dieser gewaltigen Aufgabe umgehen, dass durchaus eine Menge Arbeit dahintersteckt &#8211; und nat\u00fcrlich soll der Spass und der voraussichtliche Erfolg dargestellt werden.<\/p>\n<p>Da der Blog sehr umfangreich\u00a0ist, \u00a0wird f\u00fcr einen kurzen \u00dcberblick das Video zum &#8222;<span style=\"color: #000080;\"><a style=\"color: #000080;\" href=\"http:\/\/stadtteiloper-bremen.de\/?p=1057\">4. Projekttag<\/a><\/span>&#8220;\u00a0empfohlen.<\/p>\n<h3><\/h3>\n<h3>Berichte in der Presse:<\/h3>\n<p>Bericht im<span style=\"color: #000080;\"> <a style=\"color: #000080;\" href=\"http:\/\/www.weser-kurier.de\/bremen_artikel,-Das-Wunder-von-Tenever-_arid,1229924.html\">Stadtteilkurier<\/a> <\/span>(Beilage des Weserkurier f\u00fcr den Bremer Osten)<\/p>\n<p>mehrere kleine Berichte<span style=\"color: #000080;\">:\u00a0<a style=\"color: #000080;\" href=\"http:\/\/www.weser-kurier.de\/suche_cosearch,stadtteiloper.html\">Weser-Kurier<\/a><\/span><\/p>\n<p>Reportage\/Video mit kleinen Interviews:\u00a0<span style=\"color: #000080;\"><a style=\"color: #000080;\" href=\"https:\/\/www.youtube.com\/watch?v=uE8vATHhloY\" rel=\"wpdevart_lightbox_video\">Buten und Binnen<\/a><\/span><\/p>\n<p>Reportage:\u00a0<span style=\"color: #000080;\"><a style=\"color: #000080;\" href=\"http:\/\/www.kreiszeitung.de\/kultur\/neue-heimat-gesucht-kamel-gefunden-stadtteiloper-deutschen-kammerphilharmonie-spielen-auch-fluechtli-5606673.html\">Kreiszeitung<\/a>\u00a0<\/span><\/p>\n<p>Reportage:<span style=\"color: #000080;\">\u00a0<a style=\"color: #000080;\" href=\"http:\/\/www.musik-heute.de\/11472\/schueler-und-anwohner-fuehren-stadtteil-oper-sehnsucht-nach-isfahan-auf\/\">Musik Heute\u00a0<\/a><\/span><\/p>\n<h3>Material zu Ibn Sina:<\/h3>\n<p>Ibn Sina<\/p>\n<p><span style=\"color: #000080;\"><a style=\"color: #000080;\" href=\"http:\/\/www.spektrum.de\/alias\/avicenna\/ein-muslim-im-kirchenfenster\/829408\">Spektrum<\/a><\/span><\/p>\n<p><span style=\"color: #000080;\"><a style=\"color: #000080;\" href=\"http:\/\/www.stern.de\/politik\/geschichte\/ibn-sina-genannt-avicenna-der-medicus-aus-dem-morgenlande-247732.html\">Der Stern<\/a><\/span><\/p>\n<h3>und zur Geschichte Persiens:<\/h3>\n<p><span style=\"color: #000080;\"><a style=\"color: #000080;\" href=\"http:\/\/www.spiegel.de\/spiegel\/spiegelgeschichte\/d-69790560.html\">Spiegel Geschichte<\/a><\/span><\/p>\n<p>ein aufschlussreicher Artikel zur islamischen Kunst:<\/p>\n<p><span style=\"color: #000080;\"><a style=\"color: #000080;\" href=\"http:\/\/www.spiegel.de\/spiegel\/spiegelgeschichte\/d-73966916.html\">Religion\u00a0der Sch\u00f6nheit<\/a><\/span><\/p>\n<p>eine Sendung des SWR \u00fcber:<\/p>\n<p><span style=\"color: #000080;\"><a style=\"color: #000080;\" href=\"http:\/\/www.swr.de\/schaetze-der-welt\/isfahan\/-\/id=5355190\/did=5979980\/nid=5355190\/4e2cko\/index.html\"> Isfahan<\/a><\/span><\/p>\n<p><a href=\"http:\/\/stadtteiloper-bremen.de\/wp-content\/uploads\/2015\/03\/isfahan.jpg\" rel=\"wpdevart_lightbox\"><img loading=\"lazy\" decoding=\"async\" class=\" size-full wp-image-1200 aligncenter\" src=\"http:\/\/stadtteiloper-bremen.de\/wp-content\/uploads\/2015\/03\/isfahan.jpg\" alt=\"isfahan\" width=\"982\" height=\"716\" srcset=\"http:\/\/stadtteiloper-bremen.de\/wp-content\/uploads\/2015\/03\/isfahan.jpg 982w, http:\/\/stadtteiloper-bremen.de\/wp-content\/uploads\/2015\/03\/isfahan-250x182.jpg 250w, http:\/\/stadtteiloper-bremen.de\/wp-content\/uploads\/2015\/03\/isfahan-624x455.jpg 624w\" sizes=\"auto, (max-width: 982px) 100vw, 982px\" \/><\/a><\/p>\n<p>(Quelle: Google-Maps)<\/p>\n","protected":false},"excerpt":{"rendered":"<p>Die Stadtteiloper 2015 ist das 6. gemeinsame Projekt der Deutschen Kammerphilharmonie Bremen und der Gesamtschule Bremen Ost nach &#8222;Faust 2&#8220;, &#8222;Afrika kommt&#8220;, &#8222;Polski Blues&#8220;, &#8222;Iolantha&#8220; und &#8222;Drachens\u00f6hne und Feent\u00f6chter&#8220;. Zentrale Figur der diesj\u00e4hrigen Stadtteil-Oper ist der persische Gelehrte Ibn Sina, lat.: Avicenna, der von 980 bis 1037 gelebt hat. Ein grosser Teil der Musik wird [&hellip;]<\/p>\n","protected":false},"author":2,"featured_media":0,"parent":0,"menu_order":0,"comment_status":"open","ping_status":"open","template":"","meta":{"footnotes":""},"class_list":["post-72","page","type-page","status-publish","hentry"],"_links":{"self":[{"href":"http:\/\/stadtteiloper-bremen.de\/index.php?rest_route=\/wp\/v2\/pages\/72","targetHints":{"allow":["GET"]}}],"collection":[{"href":"http:\/\/stadtteiloper-bremen.de\/index.php?rest_route=\/wp\/v2\/pages"}],"about":[{"href":"http:\/\/stadtteiloper-bremen.de\/index.php?rest_route=\/wp\/v2\/types\/page"}],"author":[{"embeddable":true,"href":"http:\/\/stadtteiloper-bremen.de\/index.php?rest_route=\/wp\/v2\/users\/2"}],"replies":[{"embeddable":true,"href":"http:\/\/stadtteiloper-bremen.de\/index.php?rest_route=%2Fwp%2Fv2%2Fcomments&post=72"}],"version-history":[{"count":42,"href":"http:\/\/stadtteiloper-bremen.de\/index.php?rest_route=\/wp\/v2\/pages\/72\/revisions"}],"predecessor-version":[{"id":3263,"href":"http:\/\/stadtteiloper-bremen.de\/index.php?rest_route=\/wp\/v2\/pages\/72\/revisions\/3263"}],"wp:attachment":[{"href":"http:\/\/stadtteiloper-bremen.de\/index.php?rest_route=%2Fwp%2Fv2%2Fmedia&parent=72"}],"curies":[{"name":"wp","href":"https:\/\/api.w.org\/{rel}","templated":true}]}}

<h1><a href="http://stadtteiloper-bremen.de/wp-content/uploads/2015/07/Bild.jpg" rel="wpdevart_lightbox"><img loading="lazy" decoding="async" class="alignleft size-thumbnail wp-image-1284" src="http://stadtteiloper-bremen.de/wp-content/uploads/2015/07/Bild-180x180.jpg" alt="Bild" width="180" height="180" /></a></h1>
<p>Die Stadtteiloper 2015 ist das 6. gemeinsame Projekt der <a href="http://www.kammerphilharmonie.com/index.php/de/"><span style="color: #000080;">Deutschen Kammerphilharmonie</span> </a>Bremen und der <span style="color: #000080;"><a style="color: #000080;" href="http://de.wikipedia.org/wiki/Gesamtschule_Bremen-Ost">Gesamtschule Bremen Ost</a></span> nach &#8222;Faust 2&#8220;, &#8222;Afrika kommt&#8220;, &#8222;Polski Blues&#8220;, &#8222;Iolantha&#8220; und &#8222;Drachensöhne und Feentöchter&#8220;.</p>
<p>Zentrale Figur der diesjährigen Stadtteil-Oper ist der persische Gelehrte<span style="color: #000080;"> <a style="color: #000080;" href="http://de.wikipedia.org/wiki/Avicenna">Ibn Sina</a></span>, lat.: Avicenna, <a href="http://stadtteiloper-bremen.de/wp-content/uploads/2015/03/05-Ibn-Sina.jpeg" rel="wpdevart_lightbox"><img loading="lazy" decoding="async" class="alignnone size-full wp-image-73" src="http://stadtteiloper-bremen.de/wp-content/uploads/2015/03/05-Ibn-Sina.jpeg" alt="05 Ibn Sina" width="527" height="526" srcset="http://stadtteiloper-bremen.de/wp-content/uploads/2015/03/05-Ibn-Sina.jpeg 527w, http://stadtteiloper-bremen.de/wp-content/uploads/2015/03/05-Ibn-Sina-150x150.jpeg 150w, http://stadtteiloper-bremen.de/wp-content/uploads/2015/03/05-Ibn-Sina-300x300.jpeg 300w" sizes="auto, (max-width: 527px) 100vw, 527px" /></a></p>
<p>der von 980 bis 1037 gelebt hat. Ein grosser Teil der Musik wird von Händel stammen, dazu gibt es traditionelle persisch-arabische Musik. Der Titel ist</p>
<h1 style="padding-left: 30px;"><span style="color: #0000ff;">Sehnsucht nach Isfahan</span></h1>
<p>Sehnsucht nach Isfahan‹ erzählt die abenteuerliche Geschichte des Universalgelehrten Ibn Sina, der vor knapp 1000 Jahren im alten Persien gelebt hat: Als junger Mann macht er sich auf die Suche nach einem Ort, an dem er in Frieden forschen und lernen kann. Dabei überlebt er Sandstürme, Hinterhalte und Gefängnisstrafen, schreibt im Mondschein zahlreiche Bücher über Medizin und Astronomie, Religion und Philosophie und widmet der Liebe seines Lebens die schönsten Lieder unter der Sonne. Ibn Sina war einer der ersten Gelehrten, der über die Wirkung von Musik auf unseren Körper nachdachte, und der davon überzeugt war, wie wichtig das Glück für unsere Gesundheit ist. Was bietet sich eher an, als diese Geschichte musikalisch zu erzählen und den Puls der alten persischen Trommeln in einem facettenreichen Klangkörper aufleben zu lassen.</p>
<p>Wie immer werden nicht nur Klassen und Kurse der GSO teilnehmen, sondern auch Gruppen aus dem Stadtteil, wie zum Beispiel das <span style="color: #003366;"><span style="color: #000080;"><a style="color: #000080;" href="http://www.mütterzentrum-tenever.com/index.php">Mütterzentrum</a></span>.</span></p>
<h1> <span style="color: #003366;"><span style="color: #000000;">Die Termine sind</span></span></h1>
<p>7. Oktober: Generalprobe</p>
<p>8. Oktober: Premiere</p>
<p>9. Oktober: 2. Vorstellung</p>
<h1><span style="color: #0000ff;">  Der &#8222;Grüne Hügel&#8220;:</span><br />
<a href="http://stadtteiloper-bremen.de/wp-content/uploads/2015/03/Page_1-2.jpg" rel="wpdevart_lightbox"><img loading="lazy" decoding="async" class="alignleft size-medium wp-image-1884" src="http://stadtteiloper-bremen.de/wp-content/uploads/2015/03/Page_1-2-250x250.jpg" alt="Page_1-2" width="250" height="250" srcset="http://stadtteiloper-bremen.de/wp-content/uploads/2015/03/Page_1-2-250x250.jpg 250w, http://stadtteiloper-bremen.de/wp-content/uploads/2015/03/Page_1-2-180x180.jpg 180w, http://stadtteiloper-bremen.de/wp-content/uploads/2015/03/Page_1-2-624x624.jpg 624w, http://stadtteiloper-bremen.de/wp-content/uploads/2015/03/Page_1-2.jpg 2000w" sizes="auto, (max-width: 250px) 100vw, 250px" /></a><a href="http://stadtteiloper-bremen.de/wp-content/uploads/2015/03/Page_1.jpg" rel="wpdevart_lightbox"><img loading="lazy" decoding="async" class="alignleft size-medium wp-image-1885" src="http://stadtteiloper-bremen.de/wp-content/uploads/2015/03/Page_1-250x250.jpg" alt="Page_1" width="250" height="250" srcset="http://stadtteiloper-bremen.de/wp-content/uploads/2015/03/Page_1-250x250.jpg 250w, http://stadtteiloper-bremen.de/wp-content/uploads/2015/03/Page_1-180x180.jpg 180w, http://stadtteiloper-bremen.de/wp-content/uploads/2015/03/Page_1-624x624.jpg 624w, http://stadtteiloper-bremen.de/wp-content/uploads/2015/03/Page_1.jpg 2000w" sizes="auto, (max-width: 250px) 100vw, 250px" /></a></h1>
<p>&nbsp;</p>
<p>&nbsp;</p>
<p>&nbsp;</p>
<p>&nbsp;</p>
<p>&nbsp;</p>
<h1><span style="color: #0000ff;">   Der Blog:</span></h1>
<p>In diesem Blog soll mit Hilfe von Fotos, Filmen und Texten der Verlauf des Projektes dargestellt werden. Ziel ist es dabei zu vermitteln, wie breit angelegt und fein verästelt die Vorbereitung zu den drei Aufführungen sind, wie die Beteiligten mit dieser gewaltigen Aufgabe umgehen, dass durchaus eine Menge Arbeit dahintersteckt &#8211; und natürlich soll der Spass und der voraussichtliche Erfolg dargestellt werden.</p>
<p>Da der Blog sehr umfangreich ist,  wird für einen kurzen Überblick das Video zum &#8222;<span style="color: #000080;"><a style="color: #000080;" href="http://stadtteiloper-bremen.de/?p=1057">4. Projekttag</a></span>&#8220; empfohlen.</p>
<h3></h3>
<h3>Berichte in der Presse:</h3>
<p>Bericht im<span style="color: #000080;"> <a style="color: #000080;" href="http://www.weser-kurier.de/bremen_artikel,-Das-Wunder-von-Tenever-_arid,1229924.html">Stadtteilkurier</a> </span>(Beilage des Weserkurier für den Bremer Osten)</p>
<p>mehrere kleine Berichte<span style="color: #000080;">: <a style="color: #000080;" href="http://www.weser-kurier.de/suche_cosearch,stadtteiloper.html">Weser-Kurier</a></span></p>
<p>Reportage/Video mit kleinen Interviews: <span style="color: #000080;"><a style="color: #000080;" href="https://www.youtube.com/watch?v=uE8vATHhloY" rel="wpdevart_lightbox_video">Buten und Binnen</a></span></p>
<p>Reportage: <span style="color: #000080;"><a style="color: #000080;" href="http://www.kreiszeitung.de/kultur/neue-heimat-gesucht-kamel-gefunden-stadtteiloper-deutschen-kammerphilharmonie-spielen-auch-fluechtli-5606673.html">Kreiszeitung</a> </span></p>
<p>Reportage:<span style="color: #000080;"> <a style="color: #000080;" href="http://www.musik-heute.de/11472/schueler-und-anwohner-fuehren-stadtteil-oper-sehnsucht-nach-isfahan-auf/">Musik Heute </a></span></p>
<h3>Material zu Ibn Sina:</h3>
<p>Ibn Sina</p>
<p><span style="color: #000080;"><a style="color: #000080;" href="http://www.spektrum.de/alias/avicenna/ein-muslim-im-kirchenfenster/829408">Spektrum</a></span></p>
<p><span style="color: #000080;"><a style="color: #000080;" href="http://www.stern.de/politik/geschichte/ibn-sina-genannt-avicenna-der-medicus-aus-dem-morgenlande-247732.html">Der Stern</a></span></p>
<h3>und zur Geschichte Persiens:</h3>
<p><span style="color: #000080;"><a style="color: #000080;" href="http://www.spiegel.de/spiegel/spiegelgeschichte/d-69790560.html">Spiegel Geschichte</a></span></p>
<p>ein aufschlussreicher Artikel zur islamischen Kunst:</p>
<p><span style="color: #000080;"><a style="color: #000080;" href="http://www.spiegel.de/spiegel/spiegelgeschichte/d-73966916.html">Religion der Schönheit</a></span></p>
<p>eine Sendung des SWR über:</p>
<p><span style="color: #000080;"><a style="color: #000080;" href="http://www.swr.de/schaetze-der-welt/isfahan/-/id=5355190/did=5979980/nid=5355190/4e2cko/index.html"> Isfahan</a></span></p>
<p><a href="http://stadtteiloper-bremen.de/wp-content/uploads/2015/03/isfahan.jpg" rel="wpdevart_lightbox"><img loading="lazy" decoding="async" class=" size-full wp-image-1200 aligncenter" src="http://stadtteiloper-bremen.de/wp-content/uploads/2015/03/isfahan.jpg" alt="isfahan" width="982" height="716" srcset="http://stadtteiloper-bremen.de/wp-content/uploads/2015/03/isfahan.jpg 982w, http://stadtteiloper-bremen.de/wp-content/uploads/2015/03/isfahan-250x182.jpg 250w, http://stadtteiloper-bremen.de/wp-content/uploads/2015/03/isfahan-624x455.jpg 624w" sizes="auto, (max-width: 982px) 100vw, 982px" /></a></p>
<p>(Quelle: Google-Maps)</p>

<p>Die Stadtteiloper 2015 ist das 6. gemeinsame Projekt der Deutschen Kammerphilharmonie Bremen und der Gesamtschule Bremen Ost nach &#8222;Faust 2&#8220;, &#8222;Afrika kommt&#8220;, &#8222;Polski Blues&#8220;, &#8222;Iolantha&#8220; und &#8222;Drachensöhne und Feentöchter&#8220;. Zentrale Figur der diesjährigen Stadtteil-Oper ist der persische Gelehrte Ibn Sina, lat.: Avicenna, der von 980 bis 1037 gelebt hat. Ein grosser Teil der Musik wird [&hellip;]</p>
