{"id":9037,"date":"2025-06-05T09:30:43","date_gmt":"2025-06-05T07:30:43","guid":{"rendered":"http:\/\/stadtteiloper-bremen.de\/?page_id=9037"},"modified":"2025-06-05T09:34:07","modified_gmt":"2025-06-05T07:34:07","slug":"traeum-weiter","status":"publish","type":"page","link":"http:\/\/stadtteiloper-bremen.de\/?page_id=9037","title":{"rendered":"Projekt: Tr\u00e4um weiter"},"content":{"rendered":"<p>Wo Tr\u00e4ume St\u00e4dte bauen<\/p>\n","protected":false},"excerpt":{"rendered":"<p>Wo Tr\u00e4ume St\u00e4dte bauen<\/p>\n","protected":false},"author":2,"featured_media":0,"parent":0,"menu_order":0,"comment_status":"closed","ping_status":"closed","template":"","meta":{"footnotes":""},"class_list":["post-9037","page","type-page","status-publish","hentry"],"_links":{"self":[{"href":"http:\/\/stadtteiloper-bremen.de\/index.php?rest_route=\/wp\/v2\/pages\/9037","targetHints":{"allow":["GET"]}}],"collection":[{"href":"http:\/\/stadtteiloper-bremen.de\/index.php?rest_route=\/wp\/v2\/pages"}],"about":[{"href":"http:\/\/stadtteiloper-bremen.de\/index.php?rest_route=\/wp\/v2\/types\/page"}],"author":[{"embeddable":true,"href":"http:\/\/stadtteiloper-bremen.de\/index.php?rest_route=\/wp\/v2\/users\/2"}],"replies":[{"embeddable":true,"href":"http:\/\/stadtteiloper-bremen.de\/index.php?rest_route=%2Fwp%2Fv2%2Fcomments&post=9037"}],"version-history":[{"count":2,"href":"http:\/\/stadtteiloper-bremen.de\/index.php?rest_route=\/wp\/v2\/pages\/9037\/revisions"}],"predecessor-version":[{"id":9043,"href":"http:\/\/stadtteiloper-bremen.de\/index.php?rest_route=\/wp\/v2\/pages\/9037\/revisions\/9043"}],"wp:attachment":[{"href":"http:\/\/stadtteiloper-bremen.de\/index.php?rest_route=%2Fwp%2Fv2%2Fmedia&parent=9037"}],"curies":[{"name":"wp","href":"https:\/\/api.w.org\/{rel}","templated":true}]}}

Projekt: Träum weiter

<p>Wo Träume Städte bauen</p>
